**2/2 - k + 4. What are the prime factors of j(7)?
2, 3, 101
Suppose -8*u - 3 = 13. Let w be (1 - (3 + u/(-2)))*3. Let k(y) = -6*y + 7. What are the prime factors of k(w)?
61
Let t(l) = -283*l**3 + 58*l**2 + 119*l + 6. What are the prime factors of t(-6)?
2, 3, 5209
Suppose -6*z - 2 = -8*z. Suppose -x - z = 4, -r = x - 2. Suppose -r*f = -0*f - 455. List the prime factors of f.
5, 13
Let z(o) = 76*o**3 + 7*o**2 + 55*o + 35. List the prime factors of z(8).
5, 31, 257
Suppose 34794 = 8*g + 11491 - 21449. What are the prime factors of g?
2, 2797
Let p = -55 - -49. Let t(m) = m**2 + 6*m + 10. Let o be t(p). List the prime factors of 11*((-34)/o)/(10/(-50)).
11, 17
Let d(g) = -7*g - 3. Let o(m) = -11*m - 4. Let t(h) = -8*d(h) + 5*o(h). Let j be t(-5). List the prime factors of 364/16 + j/(-4).
23
Let f(n) = 97*n - 50. Suppose 1 = 11*k - 32. List the prime factors of f(k).
241
Let z = -17907 - -30022. What are the prime factors of z?
5, 2423
List the prime factors of (-21)/14 + (-5)/(-2) - (-359240)/35.
5, 2053
List the prime factors of (-80)/96 + (-20)/15 + 124184/48.
5, 11, 47
Suppose 0*c + 20 = -4*c, 6*b = -2*c + 34406. What are the prime factors of b?
2, 3, 239
Let z = -6375 - -7671. List the prime factors of z.
2, 3
Let q(o) be the first derivative of o**3/3 - o**2/2 - o + 13. Let f be q(3). Suppose f*d - 2*b = 193, 2*b - 5*b = 5*d - 198. What are the prime factors of d?
3, 13
Let d(p) = -1510*p + 2777. List the prime factors of d(-16).
3, 41, 73
Suppose 178 = 2*d - 40*c + 38*c, -c = 5*d - 427. Suppose -278 = -3*q + 8*h - 6*h, -q + 2*h + d = 0. List the prime factors of q.
2, 3
Let h(k) = -5*k**3 + k**2 - 9*k - 6. Let v be h(-3). Let s = v - 137. What are the prime factors of s?
2, 7
Suppose q + 539 = 1282. Suppose -3*j - 4*c + 457 = 0, 5*j + c - q = -c. List the prime factors of j.
3, 7
Let f(b) = b**2 - 16*b - 1. Let q be f(-7). Let x(o) = -o**2 + 4*o + 7. Let c be x(5). Suppose 0*s - c*s + q = 0. What are the prime factors of s?
2, 5
Suppose -8*q + 12*q = -7*c + 7215, 4*c = 4. What are the prime factors of q?
2, 17, 53
What are the prime factors of (2976/21)/((-8)/(-56))?
2, 31
Suppose -d + 6*x + 3421 = x, -2*d + 4*x = -6848. Suppose 29*l + d = 32*l. List the prime factors of l.
2, 571
Let h(i) = -15*i**3 - 2*i**2 - 4*i - 6. Let n be h(-2). Let b = -108 + n. Let f = 116 - b. List the prime factors of f.
2, 5, 11
Suppose 4*m - 5*u - 18814 = 0, -2*m - 3*u + 9325 = -93. List the prime factors of m.
2, 13, 181
Suppose -4*d - 4*b + 40 = 0, 0*d = -4*d + 3*b + 68. Suppose 7*u + 3115 = d*u. Suppose -8*p + u + 835 = 0. What are the prime factors of p?
2, 5
Suppose 5*q = 5*t - 2935, 5*t + 107 = -q - 474. Let g = -169 - q. What are the prime factors of g?
3, 139
Let r = -33 - 15. Let x be 3/4 + 8964/r. List the prime factors of -2*(-8)/((-32)/x).
3, 31
Let b(k) = k**2 - k + 251. Let d be b(0). Suppose 2*l - 141 = 603. Let m = l - d. What are the prime factors of m?
11
List the prime factors of (210 + -207)/(6/68228*(6 + -4)).
37, 461
Let d(o) = -3*o**3 - 9*o**2 + 7*o - 16. List the prime factors of d(-12).
2, 947
Suppose 3*z = 3*i - 27, -4 = z - 4*i + 11. Let t(m) be the first derivative of m**3 - m**2/2 - m - 106. List the prime factors of t(z).
3, 17
Let c(h) = -40*h**3 - 8*h**2 + 43*h + 283. What are the prime factors of c(-6)?
8377
Suppose -5*t + 1259 = 4*v, -2*t - 755 - 794 = -5*v. Let b = 658 - v. What are the prime factors of b?
347
Let w(p) = 295*p**2 + 17*p - 11. List the prime factors of w(3).
5, 7, 11
Let i(s) = 35155*s - 474. List the prime factors of i(1).
79, 439
What are the prime factors of 238*(9 - 413/(-14)) - 0?
7, 11, 17
Let q = 13008 - 8416. List the prime factors of q.
2, 7, 41
Let l = 354 - 230. Let b = l - -304. List the prime factors of b.
2, 107
Let v(w) be the first derivative of -9*w**4/4 + 2*w**3 + 14*w**2 + 6*w + 69. What are the prime factors of v(-4)?
2, 283
Let r(j) = 4*j**2 + 44*j - 12. Let f be r(-11). Let i(s) = -2*s**3 - 10*s**2 + 4*s - 160. List the prime factors of i(f).
2, 113
Let j(g) = -12*g + 2*g**3 - 11 - 3*g**2 - 2*g**2 + 8*g. Let p be (-3)/6*-14 + -2. List the prime factors of j(p).
2, 47
Suppose -4*n + 40 = 4*o, -3*n + 2*n + 5*o + 4 = 0. Suppose -10*t + 31 = -n. Suppose -3*a + q + t*q + 701 = 0, 231 = a - q. List the prime factors of a.
227
List the prime factors of 183933/(23 - 6 - 14).
3, 107, 191
Suppose 2*d + 3*c = 4*d - 438, d - 209 = -c. What are the prime factors of d?
3, 71
Let y be (-80)/32*(-1 - 1). Suppose r - 1933 + 400 = -5*a, -y*a = 3*r - 4629. Suppose 0 = 4*f + 8*f - r. What are the prime factors of f?
3, 43
Suppose 3*m = 2*x - 2289, -3*x = 1 + 8. Let q = m + 956. What are the prime factors of q?
191
Let l be (-50)/(-8) - 2/8. Let p(b) be the second derivative of b**3 - 15*b**2/2 - 54*b - 1. What are the prime factors of p(l)?
3, 7
Let b = 38 - 21. Let i(x) = -b*x - 7 - 6*x + 16*x + x**2. List the prime factors of i(-6).
71
Suppose -3*c - 27 = -3*f, -2*f + 4*c = -7 - 5. Suppose -32 = -f*k + 4*k. Suppose -k*h - 2*t = -498, -t - 381 = -3*h - 5*t. What are the prime factors of h?
3, 41
Suppose -20*h + 7725 = 22*h - 39*h. List the prime factors of h.
5, 103
Suppose 0 = -2*q + 2*i + 57633 - 10497, 5*q = -5*i + 117850. What are the prime factors of q?
7, 13, 37
Let x(q) = -22*q**2 + 3*q + 13*q + 24 - q**3 - 5*q**2 + 11*q. Let g be x(-28). Suppose -3*y - g = -2*h, 0 = -h + 4*h - y - 92. List the prime factors of h.
2
Let d(v) = 10*v - 60. Let l(i) = 5*i - 30. Let u(m) = 2*d(m) - 5*l(m). Suppose -39 = 109*o - 106*o. List the prime factors of u(o).
5, 19
Suppose 0 = 2*f + 4*v + 4, 5*f - 2*v - 18 = 32. Suppose 0 = 4*x - f*x + 488. Suppose -5*a + d + 277 = 4*d, -4*d + x = 2*a. List the prime factors of a.
53
Suppose -21*q + 4*n - 13264 = -26*q, 3*n = -3*q + 7962. List the prime factors of q.
2, 331
What are the prime factors of (-8 - 391/(-51))*-28356?
2, 17, 139
Let h be 9 - -60 - 2*2. List the prime factors of 6*h - ((-5)/(-5) + -2).
17, 23
Let b = 258 - 75. Suppose 0 = -b*c + 186*c - 1959. What are the prime factors of c?
653
Suppose 3*n = 5*l - 5944 + 67926, 0 = -3*n - l + 61958. Let c = 29971 - n. List the prime factors of c/49 - (-1)/(-7).
2, 5, 19
What are the prime factors of -3*(-2)/60 + 5210116/1640?
3, 353
Let j be (-57)/(-1) + (-3 - -2). Let n be (-1 + 5)/4 - 175/(-1). Let t = n - j. List the prime factors of t.
2, 3, 5
Suppose 0*a + a + 2*z - 9 = 0, 2*a - 4*z - 2 = 0. Suppose l - r + a*r - 641 = 0, 3*l + 4*r - 1955 = 0. What are the prime factors of l?
3, 73
Let g = 621 + -273. Let k = g - 155. What are the prime factors of k?
193
Let o = -67 + 138. Let j = o + -60. Suppose -9*m - 422 = -j*m. List the prime factors of m.
211
Suppose -11*c - 8*x = -7*x - 31743, -2892 = -c + 2*x. What are the prime factors of c?
2, 3, 13, 37
Let a(m) be the first derivative of -m**3/3 - 31*m**2/2 + 9*m + 72. What are the prime factors of a(-17)?
13, 19
Let c(n) = 451*n**2 - 1090*n + 4356. List the prime factors of c(4).
2, 3, 601
Let k(s) = -s**2 + 167*s + 1153. What are the prime factors of k(97)?
13, 47
Let p = 48833 - 34793. List the prime factors of p.
2, 3, 5, 13
List the prime factors of ((-16)/(-10))/((-48)/(-205920)).
2, 3, 11, 13
Let k be ((-934)/(-3))/((-12)/18). Let d be k/(-4) + 1/4. Suppose 3*l + 110 = c, 3*c - 173 = l + d. List the prime factors of c.
5, 19
Let k = 2169 - 1266. Let g = 1301 - k. What are the prime factors of g?
2, 199
Let z = -626 - -629. What are the prime factors of (6/(-2))/z - -5 - -822?
2, 7, 59
Suppose 0 = -9*b - 7550 + 187244. List the prime factors of b.
2, 67, 149
Let c = -11662 - -21593. List the prime factors of c.
9931
Let i be -498*((-2)/6 + (-4)/24). What are the prime factors of (-5 - 27/(-5)) + i/15?
17
Let p(d) = 16*d**2 + 11*d - 109. Let f be (5 + 82/(-14))/(2/(-14)). List the prime factors of p(f).
13, 41
Suppose -2*d + 12 = -a, 3*d + 4*a + 3 = -1. Suppose j = d*j - 12. Suppose -2*w = j*w - 414. What are the prime factors of w?
3, 23
Let p = 4845 - -4170. List the prime factors of p.
3, 5, 601
List the prime factors of ((-320)/(-30))/(((-35)/(-1953))/5).
2, 3, 31
Suppose 0 = 3*v + 14 - 20. Suppose 4*k - 140 = -3*m, v*k - 6 = m + 74. List the prime factors of k.
2, 19
Let q = -2312 + 5186. List the prime factors of q.
2, 3, 479
Let q(y) be the first deriva